{"id":8,"date":"2014-09-04T15:47:41","date_gmt":"2014-09-04T18:47:41","guid":{"rendered":"http:\/\/dlgsistemas.com.ar\/wordpress\/?page_id=8"},"modified":"2014-09-08T18:52:57","modified_gmt":"2014-09-08T21:52:57","slug":"conozcanos","status":"publish","type":"page","link":"http:\/\/dlgsistemas.com.ar\/wordpress\/conozcanos\/","title":{"rendered":"Con\u00f3zcanos"},"content":{"rendered":"<p>De la mano del Licenciado en Sistemas de Informaci\u00f3n y Licenciado en Comercializaci\u00f3n Dante Gallina, desde el a\u00f1o 1996 que se ha gestado nuestra empresa, con \u00e1rduo trabajo, actualizaciones, cursos, capacitaciones, acumulaci\u00f3n de trayectoria y experiencia nace en el 2003 <span style=\"color: rgb(255, 102, 0);\"><strong>DLG Sistemas<\/strong><\/span>.<\/p>\n<p><span style=\"text-decoration: underline;\"><strong>Entre las capacitaciones y cursos realizados podemos destacar:<\/strong><\/span><\/p>\n<ul>\n<li>Especialista en \u00abE-markeng y estrategia de Negocios Digitales\u00bb (Levy Markeng y Escuela Espa\u00f1ola de negocios Internacionales)<\/li>\n<li>Seminario de Soluciones para Empresas (Microso)<\/li>\n<li>Seminario de MSDN Brie?ng (Programaci\u00f3n en Visual .NET, Microso)<\/li>\n<li>\u00abIntroducci\u00f3n a Visual Basic .NET\u00bb (Grupo de Usuarios Microso)<\/li>\n<li>\u00abFast Track &amp; Hands-on Labs Microso Visual Studio .NET \u00bb (Exo Training Center)<\/li>\n<li>\u201cDesarrollo de una aplicaci\u00f3n real en VB .NET de punta a punta\u201d (Exo Training Center y MUG)<\/li>\n<li>\u201cFast Track Reparaci\u00f3n de Pc\u201d (Instuto Endico)<\/li>\n<li>Seminario LINUX SECURITY &#8211; LCSS (CLA Linux Instute, ATP del LPI, Authorized Training Partner del Linux Professional Instute)<\/li>\n<li>Programa TIC \u00abInternet Segura\u00bb, para su proyecto \u00abTecnolog\u00eda SI\u00bb (Asoc. Civil Chicos.net y Save the Children Int.)<\/li>\n<\/ul>\n<p>Sumado a su talentoso saber y acompa\u00f1ado por un equipo humano multidisciplinar polivalente, con amplia y abalada experiencia en multimedia y publicidad alcanzamos el \u00e9xito en cada proyecto de cada uno de nuestros clientes.<\/p>\n<p>Nos caracteriza la pasi\u00f3n, la innovaci\u00f3n y la originalidad que desempe\u00f1amos en cada proyecto.<\/p>\n<p>Somos un partner estrat\u00e9gico incomparable, debido a la personalizaci\u00f3n y dedicaci\u00f3n que ponemos en cada uno de los proyectos que nos involucramos, brindando siempre soluciones a medida, para cada uno de nuestros clientes.<\/p>\n<blockquote><p>Cada proyecto es un desaf\u00edo, es por ello nos esforzamos d\u00eda a d\u00eda en buscar las mejores soluciones para cada cliente, brind\u00e1ndole todas las herramientas y consejos para convertir su proyecto, en un caso de \u00e9xito.<\/p><\/blockquote>\n<p>&nbsp;<\/p>\n","protected":false},"excerpt":{"rendered":"<p>De la mano del Licenciado en Sistemas de Informaci\u00f3n y Licenciado en Comercializaci\u00f3n Dante Gallina, desde el a\u00f1o 1996 que se ha gestado nuestra empresa, con \u00e1rduo trabajo, actualizaciones, cursos, capacitaciones, acumulaci\u00f3n de trayectoria y experiencia nace en el 2003<\/p>\n","protected":false},"author":3,"featured_media":0,"parent":0,"menu_order":0,"comment_status":"closed","ping_status":"closed","template":"","meta":[],"_links":{"self":[{"href":"http:\/\/dlgsistemas.com.ar\/wordpress\/wp-json\/wp\/v2\/pages\/8"}],"collection":[{"href":"http:\/\/dlgsistemas.com.ar\/wordpress\/wp-json\/wp\/v2\/pages"}],"about":[{"href":"http:\/\/dlgsistemas.com.ar\/wordpress\/wp-json\/wp\/v2\/types\/page"}],"author":[{"embeddable":true,"href":"http:\/\/dlgsistemas.com.ar\/wordpress\/wp-json\/wp\/v2\/users\/3"}],"replies":[{"embeddable":true,"href":"http:\/\/dlgsistemas.com.ar\/wordpress\/wp-json\/wp\/v2\/comments?post=8"}],"version-history":[{"count":3,"href":"http:\/\/dlgsistemas.com.ar\/wordpress\/wp-json\/wp\/v2\/pages\/8\/revisions"}],"predecessor-version":[{"id":102,"href":"http:\/\/dlgsistemas.com.ar\/wordpress\/wp-json\/wp\/v2\/pages\/8\/revisions\/102"}],"wp:attachment":[{"href":"http:\/\/dlgsistemas.com.ar\/wordpress\/wp-json\/wp\/v2\/media?parent=8"}],"curies":[{"name":"wp","href":"https:\/\/api.w.org\/{rel}","templated":true}]}}