{"id":35,"date":"2014-09-04T15:54:35","date_gmt":"2014-09-04T18:54:35","guid":{"rendered":"http:\/\/dlgsistemas.com.ar\/wordpress\/?page_id=35"},"modified":"2014-09-22T14:08:45","modified_gmt":"2014-09-22T17:08:45","slug":"seosem","status":"publish","type":"page","link":"http:\/\/dlgsistemas.com.ar\/wordpress\/servicios\/seosem\/","title":{"rendered":"SEO\/SEM"},"content":{"rendered":"<blockquote><p>El posicionamiento org\u00e1nico en Google (tambi\u00e9n denominado SEO), consiste en implementar mensualmente una serie de optimizaciones internas y externas a tu web, consiguiendo que Google nos de mayor relevancia que a la competencia, para las palabras claves que desees posicionar.<\/p><\/blockquote>\n<h3><span style=\"color: #ff6600;\">Posicione su web en google y consiga nuevos clientes<\/span><\/h3>\n<p>Nuestro equipo de especialistas SEO, implementar\u00e1 mensualmente, todas las fases necesarias (seg\u00fan plan contratado), consiguiendo definitivamente que su p\u00e1gina web, alcance las mejores posiciones en los buscadores, superando a su competencia.<br \/>\nSubida de posiciones garantizadas cada mes. Env\u00edo de estad\u00edsticas y estrat\u00e9gia a seguir.<\/p>\n<h3><span style=\"color: #ff6600;\">Publicidad Adwords<\/span><\/h3>\n<p>Le gustar\u00eda que dia a dia lleguen cientos de clientes interesados en tu producto a tu Sitio Web? Con las campa\u00f1as adwords saldras en la primera posici\u00f3n de google cuando la gente busque su producto o servicio!<\/p>\n<h3><span style=\"color: #ff6600;\">Conversiones &#8211; Contactos<\/span><\/h3>\n<p>Medimos los resultados de su campa\u00f1a mensualmente y enviamos los informes correspondientes. Sabr\u00e1 cu\u00e1ntos contactos o conversiones llegan a su sitio web por la publicidad que contrata!<\/p>\n<h3><span style=\"color: #ff6600;\">ROI &#8211; Inversion\/Ganancia<\/span><\/h3>\n<p>Llevamos a\u00f1os en el mercado de marketing online y nuestro objetivo es lograr que su inversion en publicidad, tenga un alto margen de ganancia(Roi).<\/p>\n","protected":false},"excerpt":{"rendered":"<p>El posicionamiento org\u00e1nico en Google (tambi\u00e9n denominado SEO), consiste en implementar mensualmente una serie de optimizaciones internas y externas a tu web, consiguiendo que Google nos de mayor relevancia que a la competencia, para las palabras claves que desees posicionar.<\/p>\n","protected":false},"author":3,"featured_media":0,"parent":10,"menu_order":0,"comment_status":"closed","ping_status":"closed","template":"","meta":[],"_links":{"self":[{"href":"http:\/\/dlgsistemas.com.ar\/wordpress\/wp-json\/wp\/v2\/pages\/35"}],"collection":[{"href":"http:\/\/dlgsistemas.com.ar\/wordpress\/wp-json\/wp\/v2\/pages"}],"about":[{"href":"http:\/\/dlgsistemas.com.ar\/wordpress\/wp-json\/wp\/v2\/types\/page"}],"author":[{"embeddable":true,"href":"http:\/\/dlgsistemas.com.ar\/wordpress\/wp-json\/wp\/v2\/users\/3"}],"replies":[{"embeddable":true,"href":"http:\/\/dlgsistemas.com.ar\/wordpress\/wp-json\/wp\/v2\/comments?post=35"}],"version-history":[{"count":3,"href":"http:\/\/dlgsistemas.com.ar\/wordpress\/wp-json\/wp\/v2\/pages\/35\/revisions"}],"predecessor-version":[{"id":178,"href":"http:\/\/dlgsistemas.com.ar\/wordpress\/wp-json\/wp\/v2\/pages\/35\/revisions\/178"}],"up":[{"embeddable":true,"href":"http:\/\/dlgsistemas.com.ar\/wordpress\/wp-json\/wp\/v2\/pages\/10"}],"wp:attachment":[{"href":"http:\/\/dlgsistemas.com.ar\/wordpress\/wp-json\/wp\/v2\/media?parent=35"}],"curies":[{"name":"wp","href":"https:\/\/api.w.org\/{rel}","templated":true}]}}